{"id":2017,"date":"2023-07-22T03:15:26","date_gmt":"2023-07-22T03:15:26","guid":{"rendered":"https:\/\/aquasport.gt\/tienda\/?page_id=2017"},"modified":"2023-07-22T03:33:36","modified_gmt":"2023-07-22T03:33:36","slug":"principal","status":"publish","type":"page","link":"https:\/\/aquasport.gt\/tienda\/","title":{"rendered":"Principal"},"content":{"rendered":"<body>\t\t<div data-elementor-type=\"wp-page\" data-elementor-id=\"2017\" class=\"elementor elementor-2017\">\n\t\t\t\t\t\t<section class=\"elementor-section elementor-top-section elementor-element elementor-element-e19d9e1 elementor-section-full_width elementor-section-height-default elementor-section-height-default\" data-id=\"e19d9e1\" data-element_type=\"section\" data-e-type=\"section\">\n\t\t\t\t\t\t<div class=\"elementor-container elementor-column-gap-default\">\n\t\t\t\t\t<div class=\"elementor-column elementor-col-100 elementor-top-column elementor-element elementor-element-3fe79a2\" data-id=\"3fe79a2\" data-element_type=\"column\" data-e-type=\"column\">\n\t\t\t<div class=\"elementor-widget-wrap elementor-element-populated\">\n\t\t\t\t\t\t<div class=\"elementor-element elementor-element-aad2cff elementor-arrows-position-inside elementor-pagination-position-outside elementor-widget elementor-widget-image-carousel\" data-id=\"aad2cff\" data-element_type=\"widget\" data-e-type=\"widget\" data-settings='{\"slides_to_show\":\"1\",\"navigation\":\"both\",\"autoplay\":\"yes\",\"pause_on_hover\":\"yes\",\"pause_on_interaction\":\"yes\",\"autoplay_speed\":5000,\"infinite\":\"yes\",\"effect\":\"slide\",\"speed\":500}' data-widget_type=\"image-carousel.default\">\n\t\t\t\t<div class=\"elementor-widget-container\">\n\t\t\t\t\t\t\t<div class=\"elementor-image-carousel-wrapper swiper\" role=\"region\" aria-roledescription=\"carousel\" aria-label=\"Carrusel de im\u00e1genes\" dir=\"ltr\">\n\t\t\t<div class=\"elementor-image-carousel swiper-wrapper\" aria-live=\"off\">\n\t\t\t\t\t\t\t\t<div class=\"swiper-slide\" role=\"group\" aria-roledescription=\"slide\" aria-label=\"1 de 4\"><figure class=\"swiper-slide-inner\"><img decoding=\"async\" class=\"swiper-slide-image\" src=\"https:\/\/i0.wp.com\/aquasport.gt\/tienda\/wp-content\/uploads\/2023\/07\/banner-1-Aqua.png?fit=6250%2C1250&amp;ssl=1\" alt=\"banner-1-Aqua\" loading=\"lazy\"><\/figure><\/div><div class=\"swiper-slide\" role=\"group\" aria-roledescription=\"slide\" aria-label=\"2 de 4\"><figure class=\"swiper-slide-inner\"><img decoding=\"async\" class=\"swiper-slide-image\" src=\"https:\/\/i0.wp.com\/aquasport.gt\/tienda\/wp-content\/uploads\/2023\/07\/banner-2-Aqua.png?fit=1500%2C300&amp;ssl=1\" alt=\"banner-2-Aqua\" loading=\"lazy\"><\/figure><\/div><div class=\"swiper-slide\" role=\"group\" aria-roledescription=\"slide\" aria-label=\"3 de 4\"><figure class=\"swiper-slide-inner\"><img decoding=\"async\" class=\"swiper-slide-image\" src=\"https:\/\/i0.wp.com\/aquasport.gt\/tienda\/wp-content\/uploads\/2023\/07\/banner-3-Aqua-scaled-1.jpeg?fit=2560%2C512&amp;ssl=1\" alt=\"banner-3-Aqua-scaled-1\" loading=\"lazy\"><\/figure><\/div><div class=\"swiper-slide\" role=\"group\" aria-roledescription=\"slide\" aria-label=\"4 de 4\"><figure class=\"swiper-slide-inner\"><img decoding=\"async\" class=\"swiper-slide-image\" src=\"https:\/\/i0.wp.com\/aquasport.gt\/tienda\/wp-content\/uploads\/2023\/07\/banner-4-Aqua.jpeg?fit=1993%2C394&amp;ssl=1\" alt=\"banner-4-Aqua\" loading=\"lazy\"><\/figure><\/div>\t\t\t<\/div>\n\t\t\t\t\t\t\t\t\t\t\t\t<div class=\"elementor-swiper-button elementor-swiper-button-prev\" role=\"button\" tabindex=\"0\">\n\t\t\t\t\t\t<i aria-hidden=\"true\" class=\"eicon-chevron-left\"><\/i>\t\t\t\t\t<\/div>\n\t\t\t\t\t<div class=\"elementor-swiper-button elementor-swiper-button-next\" role=\"button\" tabindex=\"0\">\n\t\t\t\t\t\t<i aria-hidden=\"true\" class=\"eicon-chevron-right\"><\/i>\t\t\t\t\t<\/div>\n\t\t\t\t\n\t\t\t\t\t\t\t\t\t<div class=\"swiper-pagination\"><\/div>\n\t\t\t\t\t\t\t\t\t<\/div>\n\t\t\t\t\t\t<\/div>\n\t\t\t\t<\/div>\n\t\t\t\t\t<\/div>\n\t\t<\/div>\n\t\t\t\t\t<\/div>\n\t\t<\/section>\n\t\t\t\t<section class=\"elementor-section elementor-top-section elementor-element elementor-element-4bc4211 elementor-section-boxed elementor-section-height-default elementor-section-height-default\" data-id=\"4bc4211\" data-element_type=\"section\" data-e-type=\"section\">\n\t\t\t\t\t\t<div class=\"elementor-container elementor-column-gap-default\">\n\t\t\t\t\t<div class=\"elementor-column elementor-col-25 elementor-top-column elementor-element elementor-element-3b1377b\" data-id=\"3b1377b\" data-element_type=\"column\" data-e-type=\"column\">\n\t\t\t<div class=\"elementor-widget-wrap elementor-element-populated\">\n\t\t\t\t\t\t<div class=\"elementor-element elementor-element-c24f9e2 elementor-position-top elementor-widget elementor-widget-image-box\" data-id=\"c24f9e2\" data-element_type=\"widget\" data-e-type=\"widget\" data-widget_type=\"image-box.default\">\n\t\t\t\t<div class=\"elementor-widget-container\">\n\t\t\t\t\t<div class=\"elementor-image-box-wrapper\"><figure class=\"elementor-image-box-img\"><a href=\"http:\/\/categoria-producto\/acc\/\" tabindex=\"-1\"><img loading=\"lazy\" decoding=\"async\" width=\"420\" height=\"420\" src=\"https:\/\/i0.wp.com\/aquasport.gt\/tienda\/wp-content\/uploads\/2023\/07\/Accesorios-de-Playa.png?fit=420%2C420&amp;ssl=1\" class=\"attachment-full size-full wp-image-2019\" alt=\"\" loading=\"lazy\" srcset=\"https:\/\/i0.wp.com\/aquasport.gt\/tienda\/wp-content\/uploads\/2023\/07\/Accesorios-de-Playa.png?w=420&amp;ssl=1 420w, https:\/\/i0.wp.com\/aquasport.gt\/tienda\/wp-content\/uploads\/2023\/07\/Accesorios-de-Playa.png?resize=300%2C300&amp;ssl=1 300w, https:\/\/i0.wp.com\/aquasport.gt\/tienda\/wp-content\/uploads\/2023\/07\/Accesorios-de-Playa.png?resize=150%2C150&amp;ssl=1 150w, https:\/\/i0.wp.com\/aquasport.gt\/tienda\/wp-content\/uploads\/2023\/07\/Accesorios-de-Playa.png?resize=100%2C100&amp;ssl=1 100w\" sizes=\"auto, (max-width: 420px) 100vw, 420px\" \/><\/a><\/figure><\/div>\t\t\t\t<\/div>\n\t\t\t\t<\/div>\n\t\t\t\t<div class=\"elementor-element elementor-element-faba93e elementor-align-center elementor-widget elementor-widget-button\" data-id=\"faba93e\" data-element_type=\"widget\" data-e-type=\"widget\" data-widget_type=\"button.default\">\n\t\t\t\t<div class=\"elementor-widget-container\">\n\t\t\t\t\t\t\t\t\t<div class=\"elementor-button-wrapper\">\n\t\t\t\t\t<a class=\"elementor-button elementor-button-link elementor-size-sm\" href=\"#\">\n\t\t\t\t\t\t<span class=\"elementor-button-content-wrapper\">\n\t\t\t\t\t\t\t\t\t<span class=\"elementor-button-text\">Accesorios de Playa<\/span>\n\t\t\t\t\t<\/span>\n\t\t\t\t\t<\/a>\n\t\t\t\t<\/div>\n\t\t\t\t\t\t\t\t<\/div>\n\t\t\t\t<\/div>\n\t\t\t\t\t<\/div>\n\t\t<\/div>\n\t\t\t\t<div class=\"elementor-column elementor-col-25 elementor-top-column elementor-element elementor-element-23acaf3\" data-id=\"23acaf3\" data-element_type=\"column\" data-e-type=\"column\">\n\t\t\t<div class=\"elementor-widget-wrap elementor-element-populated\">\n\t\t\t\t\t\t<div class=\"elementor-element elementor-element-c4defa5 elementor-widget elementor-widget-image\" data-id=\"c4defa5\" data-element_type=\"widget\" data-e-type=\"widget\" data-widget_type=\"image.default\">\n\t\t\t\t<div class=\"elementor-widget-container\">\n\t\t\t\t\t\t\t\t\t\t\t\t\t\t\t<img loading=\"lazy\" decoding=\"async\" width=\"420\" height=\"420\" src=\"https:\/\/i0.wp.com\/aquasport.gt\/tienda\/wp-content\/uploads\/2023\/07\/Trajes-y-Salidas-de-Bano.png?fit=420%2C420&amp;ssl=1\" class=\"attachment-large size-large wp-image-2020\" alt=\"\" srcset=\"https:\/\/i0.wp.com\/aquasport.gt\/tienda\/wp-content\/uploads\/2023\/07\/Trajes-y-Salidas-de-Bano.png?w=420&amp;ssl=1 420w, https:\/\/i0.wp.com\/aquasport.gt\/tienda\/wp-content\/uploads\/2023\/07\/Trajes-y-Salidas-de-Bano.png?resize=300%2C300&amp;ssl=1 300w, https:\/\/i0.wp.com\/aquasport.gt\/tienda\/wp-content\/uploads\/2023\/07\/Trajes-y-Salidas-de-Bano.png?resize=150%2C150&amp;ssl=1 150w, https:\/\/i0.wp.com\/aquasport.gt\/tienda\/wp-content\/uploads\/2023\/07\/Trajes-y-Salidas-de-Bano.png?resize=100%2C100&amp;ssl=1 100w\" sizes=\"auto, (max-width: 420px) 100vw, 420px\" loading=\"lazy\">\t\t\t\t\t\t\t\t\t\t\t\t\t\t\t<\/div>\n\t\t\t\t<\/div>\n\t\t\t\t<div class=\"elementor-element elementor-element-5dcab33 elementor-align-center elementor-widget elementor-widget-button\" data-id=\"5dcab33\" data-element_type=\"widget\" data-e-type=\"widget\" data-widget_type=\"button.default\">\n\t\t\t\t<div class=\"elementor-widget-container\">\n\t\t\t\t\t\t\t\t\t<div class=\"elementor-button-wrapper\">\n\t\t\t\t\t<a class=\"elementor-button elementor-button-link elementor-size-sm\" href=\"#\">\n\t\t\t\t\t\t<span class=\"elementor-button-content-wrapper\">\n\t\t\t\t\t\t\t\t\t<span class=\"elementor-button-text\">Trajes y Salidas de Ba\u00f1o<\/span>\n\t\t\t\t\t<\/span>\n\t\t\t\t\t<\/a>\n\t\t\t\t<\/div>\n\t\t\t\t\t\t\t\t<\/div>\n\t\t\t\t<\/div>\n\t\t\t\t\t<\/div>\n\t\t<\/div>\n\t\t\t\t<div class=\"elementor-column elementor-col-25 elementor-top-column elementor-element elementor-element-b6a1a0b\" data-id=\"b6a1a0b\" data-element_type=\"column\" data-e-type=\"column\">\n\t\t\t<div class=\"elementor-widget-wrap elementor-element-populated\">\n\t\t\t\t\t\t<div class=\"elementor-element elementor-element-734847b elementor-widget elementor-widget-image\" data-id=\"734847b\" data-element_type=\"widget\" data-e-type=\"widget\" data-widget_type=\"image.default\">\n\t\t\t\t<div class=\"elementor-widget-container\">\n\t\t\t\t\t\t\t\t\t\t\t\t\t\t\t<img loading=\"lazy\" decoding=\"async\" width=\"420\" height=\"420\" src=\"https:\/\/i0.wp.com\/aquasport.gt\/tienda\/wp-content\/uploads\/2023\/07\/Diversion.png?fit=420%2C420&amp;ssl=1\" class=\"attachment-large size-large wp-image-2021\" alt=\"\" srcset=\"https:\/\/i0.wp.com\/aquasport.gt\/tienda\/wp-content\/uploads\/2023\/07\/Diversion.png?w=420&amp;ssl=1 420w, https:\/\/i0.wp.com\/aquasport.gt\/tienda\/wp-content\/uploads\/2023\/07\/Diversion.png?resize=300%2C300&amp;ssl=1 300w, https:\/\/i0.wp.com\/aquasport.gt\/tienda\/wp-content\/uploads\/2023\/07\/Diversion.png?resize=150%2C150&amp;ssl=1 150w, https:\/\/i0.wp.com\/aquasport.gt\/tienda\/wp-content\/uploads\/2023\/07\/Diversion.png?resize=100%2C100&amp;ssl=1 100w\" sizes=\"auto, (max-width: 420px) 100vw, 420px\" loading=\"lazy\">\t\t\t\t\t\t\t\t\t\t\t\t\t\t\t<\/div>\n\t\t\t\t<\/div>\n\t\t\t\t<div class=\"elementor-element elementor-element-a514126 elementor-align-center elementor-widget elementor-widget-button\" data-id=\"a514126\" data-element_type=\"widget\" data-e-type=\"widget\" data-widget_type=\"button.default\">\n\t\t\t\t<div class=\"elementor-widget-container\">\n\t\t\t\t\t\t\t\t\t<div class=\"elementor-button-wrapper\">\n\t\t\t\t\t<a class=\"elementor-button elementor-button-link elementor-size-sm\" href=\"#\">\n\t\t\t\t\t\t<span class=\"elementor-button-content-wrapper\">\n\t\t\t\t\t\t\t\t\t<span class=\"elementor-button-text\">Diversi\u00f3n<\/span>\n\t\t\t\t\t<\/span>\n\t\t\t\t\t<\/a>\n\t\t\t\t<\/div>\n\t\t\t\t\t\t\t\t<\/div>\n\t\t\t\t<\/div>\n\t\t\t\t\t<\/div>\n\t\t<\/div>\n\t\t\t\t<div class=\"elementor-column elementor-col-25 elementor-top-column elementor-element elementor-element-55fffa5\" data-id=\"55fffa5\" data-element_type=\"column\" data-e-type=\"column\">\n\t\t\t<div class=\"elementor-widget-wrap elementor-element-populated\">\n\t\t\t\t\t\t<div class=\"elementor-element elementor-element-57ef816 elementor-widget elementor-widget-image\" data-id=\"57ef816\" data-element_type=\"widget\" data-e-type=\"widget\" data-widget_type=\"image.default\">\n\t\t\t\t<div class=\"elementor-widget-container\">\n\t\t\t\t\t\t\t\t\t\t\t\t\t\t\t<img loading=\"lazy\" decoding=\"async\" width=\"420\" height=\"420\" src=\"https:\/\/i0.wp.com\/aquasport.gt\/tienda\/wp-content\/uploads\/2023\/07\/Rashguards.png?fit=420%2C420&amp;ssl=1\" class=\"attachment-large size-large wp-image-2022\" alt=\"\" srcset=\"https:\/\/i0.wp.com\/aquasport.gt\/tienda\/wp-content\/uploads\/2023\/07\/Rashguards.png?w=420&amp;ssl=1 420w, https:\/\/i0.wp.com\/aquasport.gt\/tienda\/wp-content\/uploads\/2023\/07\/Rashguards.png?resize=300%2C300&amp;ssl=1 300w, https:\/\/i0.wp.com\/aquasport.gt\/tienda\/wp-content\/uploads\/2023\/07\/Rashguards.png?resize=150%2C150&amp;ssl=1 150w, https:\/\/i0.wp.com\/aquasport.gt\/tienda\/wp-content\/uploads\/2023\/07\/Rashguards.png?resize=100%2C100&amp;ssl=1 100w\" sizes=\"auto, (max-width: 420px) 100vw, 420px\" loading=\"lazy\">\t\t\t\t\t\t\t\t\t\t\t\t\t\t\t<\/div>\n\t\t\t\t<\/div>\n\t\t\t\t<div class=\"elementor-element elementor-element-eca2e80 elementor-align-center elementor-widget elementor-widget-button\" data-id=\"eca2e80\" data-element_type=\"widget\" data-e-type=\"widget\" data-widget_type=\"button.default\">\n\t\t\t\t<div class=\"elementor-widget-container\">\n\t\t\t\t\t\t\t\t\t<div class=\"elementor-button-wrapper\">\n\t\t\t\t\t<a class=\"elementor-button elementor-button-link elementor-size-sm\" href=\"#\">\n\t\t\t\t\t\t<span class=\"elementor-button-content-wrapper\">\n\t\t\t\t\t\t\t\t\t<span class=\"elementor-button-text\">Rashguards<\/span>\n\t\t\t\t\t<\/span>\n\t\t\t\t\t<\/a>\n\t\t\t\t<\/div>\n\t\t\t\t\t\t\t\t<\/div>\n\t\t\t\t<\/div>\n\t\t\t\t\t<\/div>\n\t\t<\/div>\n\t\t\t\t\t<\/div>\n\t\t<\/section>\n\t\t\t\t<section class=\"elementor-section elementor-top-section elementor-element elementor-element-26ade2a elementor-section-boxed elementor-section-height-default elementor-section-height-default\" data-id=\"26ade2a\" data-element_type=\"section\" data-e-type=\"section\">\n\t\t\t\t\t\t<div class=\"elementor-container elementor-column-gap-default\">\n\t\t\t\t\t<div class=\"elementor-column elementor-col-100 elementor-top-column elementor-element elementor-element-2ad5390\" data-id=\"2ad5390\" data-element_type=\"column\" data-e-type=\"column\">\n\t\t\t<div class=\"elementor-widget-wrap\">\n\t\t\t\t\t\t\t<\/div>\n\t\t<\/div>\n\t\t\t\t\t<\/div>\n\t\t<\/section>\n\t\t\t\t<section class=\"elementor-section elementor-top-section elementor-element elementor-element-2cff623 elementor-section-boxed elementor-section-height-default elementor-section-height-default\" data-id=\"2cff623\" data-element_type=\"section\" data-e-type=\"section\">\n\t\t\t\t\t\t<div class=\"elementor-container elementor-column-gap-default\">\n\t\t\t\t\t<div class=\"elementor-column elementor-col-25 elementor-top-column elementor-element elementor-element-6285d83\" data-id=\"6285d83\" data-element_type=\"column\" data-e-type=\"column\">\n\t\t\t<div class=\"elementor-widget-wrap elementor-element-populated\">\n\t\t\t\t\t\t<div class=\"elementor-element elementor-element-d0840ba elementor-widget elementor-widget-image\" data-id=\"d0840ba\" data-element_type=\"widget\" data-e-type=\"widget\" data-widget_type=\"image.default\">\n\t\t\t\t<div class=\"elementor-widget-container\">\n\t\t\t\t\t\t\t\t\t\t\t\t\t\t\t<img loading=\"lazy\" decoding=\"async\" width=\"420\" height=\"420\" src=\"https:\/\/i0.wp.com\/aquasport.gt\/tienda\/wp-content\/uploads\/2023\/07\/Ski.png?fit=420%2C420&amp;ssl=1\" class=\"attachment-large size-large wp-image-2023\" alt=\"\" srcset=\"https:\/\/i0.wp.com\/aquasport.gt\/tienda\/wp-content\/uploads\/2023\/07\/Ski.png?w=420&amp;ssl=1 420w, https:\/\/i0.wp.com\/aquasport.gt\/tienda\/wp-content\/uploads\/2023\/07\/Ski.png?resize=300%2C300&amp;ssl=1 300w, https:\/\/i0.wp.com\/aquasport.gt\/tienda\/wp-content\/uploads\/2023\/07\/Ski.png?resize=150%2C150&amp;ssl=1 150w, https:\/\/i0.wp.com\/aquasport.gt\/tienda\/wp-content\/uploads\/2023\/07\/Ski.png?resize=100%2C100&amp;ssl=1 100w\" sizes=\"auto, (max-width: 420px) 100vw, 420px\" loading=\"lazy\">\t\t\t\t\t\t\t\t\t\t\t\t\t\t\t<\/div>\n\t\t\t\t<\/div>\n\t\t\t\t<div class=\"elementor-element elementor-element-dfd2937 elementor-align-center elementor-widget elementor-widget-button\" data-id=\"dfd2937\" data-element_type=\"widget\" data-e-type=\"widget\" data-widget_type=\"button.default\">\n\t\t\t\t<div class=\"elementor-widget-container\">\n\t\t\t\t\t\t\t\t\t<div class=\"elementor-button-wrapper\">\n\t\t\t\t\t<a class=\"elementor-button elementor-button-link elementor-size-sm\" href=\"#\">\n\t\t\t\t\t\t<span class=\"elementor-button-content-wrapper\">\n\t\t\t\t\t\t\t\t\t<span class=\"elementor-button-text\">SKI<\/span>\n\t\t\t\t\t<\/span>\n\t\t\t\t\t<\/a>\n\t\t\t\t<\/div>\n\t\t\t\t\t\t\t\t<\/div>\n\t\t\t\t<\/div>\n\t\t\t\t\t<\/div>\n\t\t<\/div>\n\t\t\t\t<div class=\"elementor-column elementor-col-25 elementor-top-column elementor-element elementor-element-b009dec\" data-id=\"b009dec\" data-element_type=\"column\" data-e-type=\"column\">\n\t\t\t<div class=\"elementor-widget-wrap elementor-element-populated\">\n\t\t\t\t\t\t<div class=\"elementor-element elementor-element-d493965 elementor-widget elementor-widget-image\" data-id=\"d493965\" data-element_type=\"widget\" data-e-type=\"widget\" data-widget_type=\"image.default\">\n\t\t\t\t<div class=\"elementor-widget-container\">\n\t\t\t\t\t\t\t\t\t\t\t\t\t\t\t<img loading=\"lazy\" decoding=\"async\" width=\"420\" height=\"420\" src=\"https:\/\/i0.wp.com\/aquasport.gt\/tienda\/wp-content\/uploads\/2023\/07\/Natacion.png?fit=420%2C420&amp;ssl=1\" class=\"attachment-large size-large wp-image-2024\" alt=\"\" srcset=\"https:\/\/i0.wp.com\/aquasport.gt\/tienda\/wp-content\/uploads\/2023\/07\/Natacion.png?w=420&amp;ssl=1 420w, https:\/\/i0.wp.com\/aquasport.gt\/tienda\/wp-content\/uploads\/2023\/07\/Natacion.png?resize=300%2C300&amp;ssl=1 300w, https:\/\/i0.wp.com\/aquasport.gt\/tienda\/wp-content\/uploads\/2023\/07\/Natacion.png?resize=150%2C150&amp;ssl=1 150w, https:\/\/i0.wp.com\/aquasport.gt\/tienda\/wp-content\/uploads\/2023\/07\/Natacion.png?resize=100%2C100&amp;ssl=1 100w\" sizes=\"auto, (max-width: 420px) 100vw, 420px\" loading=\"lazy\">\t\t\t\t\t\t\t\t\t\t\t\t\t\t\t<\/div>\n\t\t\t\t<\/div>\n\t\t\t\t<div class=\"elementor-element elementor-element-a82a236 elementor-align-center elementor-widget elementor-widget-button\" data-id=\"a82a236\" data-element_type=\"widget\" data-e-type=\"widget\" data-widget_type=\"button.default\">\n\t\t\t\t<div class=\"elementor-widget-container\">\n\t\t\t\t\t\t\t\t\t<div class=\"elementor-button-wrapper\">\n\t\t\t\t\t<a class=\"elementor-button elementor-button-link elementor-size-sm\" href=\"#\">\n\t\t\t\t\t\t<span class=\"elementor-button-content-wrapper\">\n\t\t\t\t\t\t\t\t\t<span class=\"elementor-button-text\">Nataci\u00f3n<\/span>\n\t\t\t\t\t<\/span>\n\t\t\t\t\t<\/a>\n\t\t\t\t<\/div>\n\t\t\t\t\t\t\t\t<\/div>\n\t\t\t\t<\/div>\n\t\t\t\t\t<\/div>\n\t\t<\/div>\n\t\t\t\t<div class=\"elementor-column elementor-col-25 elementor-top-column elementor-element elementor-element-7e5fe28\" data-id=\"7e5fe28\" data-element_type=\"column\" data-e-type=\"column\">\n\t\t\t<div class=\"elementor-widget-wrap elementor-element-populated\">\n\t\t\t\t\t\t<div class=\"elementor-element elementor-element-08d2f08 elementor-widget elementor-widget-image\" data-id=\"08d2f08\" data-element_type=\"widget\" data-e-type=\"widget\" data-widget_type=\"image.default\">\n\t\t\t\t<div class=\"elementor-widget-container\">\n\t\t\t\t\t\t\t\t\t\t\t\t\t\t\t<img loading=\"lazy\" decoding=\"async\" width=\"420\" height=\"420\" src=\"https:\/\/i0.wp.com\/aquasport.gt\/tienda\/wp-content\/uploads\/2023\/07\/Zapatos.png?fit=420%2C420&amp;ssl=1\" class=\"attachment-large size-large wp-image-2025\" alt=\"\" srcset=\"https:\/\/i0.wp.com\/aquasport.gt\/tienda\/wp-content\/uploads\/2023\/07\/Zapatos.png?w=420&amp;ssl=1 420w, https:\/\/i0.wp.com\/aquasport.gt\/tienda\/wp-content\/uploads\/2023\/07\/Zapatos.png?resize=300%2C300&amp;ssl=1 300w, https:\/\/i0.wp.com\/aquasport.gt\/tienda\/wp-content\/uploads\/2023\/07\/Zapatos.png?resize=150%2C150&amp;ssl=1 150w, https:\/\/i0.wp.com\/aquasport.gt\/tienda\/wp-content\/uploads\/2023\/07\/Zapatos.png?resize=100%2C100&amp;ssl=1 100w\" sizes=\"auto, (max-width: 420px) 100vw, 420px\" loading=\"lazy\">\t\t\t\t\t\t\t\t\t\t\t\t\t\t\t<\/div>\n\t\t\t\t<\/div>\n\t\t\t\t<div class=\"elementor-element elementor-element-299c41d elementor-align-center elementor-widget elementor-widget-button\" data-id=\"299c41d\" data-element_type=\"widget\" data-e-type=\"widget\" data-widget_type=\"button.default\">\n\t\t\t\t<div class=\"elementor-widget-container\">\n\t\t\t\t\t\t\t\t\t<div class=\"elementor-button-wrapper\">\n\t\t\t\t\t<a class=\"elementor-button elementor-button-link elementor-size-sm\" href=\"#\">\n\t\t\t\t\t\t<span class=\"elementor-button-content-wrapper\">\n\t\t\t\t\t\t\t\t\t<span class=\"elementor-button-text\">Zapatos de Agua y Sandalias<\/span>\n\t\t\t\t\t<\/span>\n\t\t\t\t\t<\/a>\n\t\t\t\t<\/div>\n\t\t\t\t\t\t\t\t<\/div>\n\t\t\t\t<\/div>\n\t\t\t\t\t<\/div>\n\t\t<\/div>\n\t\t\t\t<div class=\"elementor-column elementor-col-25 elementor-top-column elementor-element elementor-element-0355703\" data-id=\"0355703\" data-element_type=\"column\" data-e-type=\"column\">\n\t\t\t<div class=\"elementor-widget-wrap\">\n\t\t\t\t\t\t\t<\/div>\n\t\t<\/div>\n\t\t\t\t\t<\/div>\n\t\t<\/section>\n\t\t\t\t<\/div>\n\t\t<\/body>","protected":false},"excerpt":{"rendered":"<p>Accesorios de Playa Trajes y Salidas de Ba\u00f1o Diversi\u00f3n Rashguards SKI Nataci\u00f3n Zapatos de Agua y Sandalias<\/p>\n","protected":false},"author":1,"featured_media":0,"parent":0,"menu_order":0,"comment_status":"closed","ping_status":"closed","template":"","meta":{"site-sidebar-layout":"no-sidebar","site-content-layout":"page-builder","ast-site-content-layout":"default","site-content-style":"default","site-sidebar-style":"default","ast-global-header-display":"","ast-banner-title-visibility":"","ast-main-header-display":"","ast-hfb-above-header-display":"","ast-hfb-below-header-display":"","ast-hfb-mobile-header-display":"","site-post-title":"disabled","ast-breadcrumbs-content":"","ast-featured-img":"disabled","footer-sml-layout":"","ast-disable-related-posts":"","theme-transparent-header-meta":"","adv-header-id-meta":"","stick-header-meta":"","header-above-stick-meta":"","header-main-stick-meta":"","header-below-stick-meta":"","astra-migrate-meta-layouts":"default","ast-page-background-enabled":"default","ast-page-background-meta":{"desktop":{"background-color":"var(--ast-global-color-4)","background-image":"","background-repeat":"repeat","background-position":"center center","background-size":"auto","background-attachment":"scroll","background-type":"","background-media":"","overlay-type":"","overlay-color":"","overlay-opacity":"","overlay-gradient":""},"tablet":{"background-color":"","background-image":"","background-repeat":"repeat","background-position":"center center","background-size":"auto","background-attachment":"scroll","background-type":"","background-media":"","overlay-type":"","overlay-color":"","overlay-opacity":"","overlay-gradient":""},"mobile":{"background-color":"","background-image":"","background-repeat":"repeat","background-position":"center center","background-size":"auto","background-attachment":"scroll","background-type":"","background-media":"","overlay-type":"","overlay-color":"","overlay-opacity":"","overlay-gradient":""}},"ast-content-background-meta":{"desktop":{"background-color":"var(--ast-global-color-5)","background-image":"","background-repeat":"repeat","background-position":"center center","background-size":"auto","background-attachment":"scroll","background-type":"","background-media":"","overlay-type":"","overlay-color":"","overlay-opacity":"","overlay-gradient":""},"tablet":{"background-color":"var(--ast-global-color-5)","background-image":"","background-repeat":"repeat","background-position":"center center","background-size":"auto","background-attachment":"scroll","background-type":"","background-media":"","overlay-type":"","overlay-color":"","overlay-opacity":"","overlay-gradient":""},"mobile":{"background-color":"var(--ast-global-color-5)","background-image":"","background-repeat":"repeat","background-position":"center center","background-size":"auto","background-attachment":"scroll","background-type":"","background-media":"","overlay-type":"","overlay-color":"","overlay-opacity":"","overlay-gradient":""}},"footnotes":""},"class_list":["post-2017","page","type-page","status-publish","hentry"],"jetpack_sharing_enabled":true,"_links":{"self":[{"href":"https:\/\/aquasport.gt\/tienda\/wp-json\/wp\/v2\/pages\/2017","targetHints":{"allow":["GET"]}}],"collection":[{"href":"https:\/\/aquasport.gt\/tienda\/wp-json\/wp\/v2\/pages"}],"about":[{"href":"https:\/\/aquasport.gt\/tienda\/wp-json\/wp\/v2\/types\/page"}],"author":[{"embeddable":true,"href":"https:\/\/aquasport.gt\/tienda\/wp-json\/wp\/v2\/users\/1"}],"replies":[{"embeddable":true,"href":"https:\/\/aquasport.gt\/tienda\/wp-json\/wp\/v2\/comments?post=2017"}],"version-history":[{"count":16,"href":"https:\/\/aquasport.gt\/tienda\/wp-json\/wp\/v2\/pages\/2017\/revisions"}],"predecessor-version":[{"id":2047,"href":"https:\/\/aquasport.gt\/tienda\/wp-json\/wp\/v2\/pages\/2017\/revisions\/2047"}],"wp:attachment":[{"href":"https:\/\/aquasport.gt\/tienda\/wp-json\/wp\/v2\/media?parent=2017"}],"curies":[{"name":"wp","href":"https:\/\/api.w.org\/{rel}","templated":true}]}}